 -70. What is the remainder when 7046 is divided by u?
90
Let y(b) = -3 + b - 5*b + 3*b - 6*b - 2*b**2. Let u be y(-3). Suppose u = 5*v + 5*v - 80. What is the remainder when 20 is divided by v?
4
Suppose -2378 + 623 = 13*k. Calculate the remainder when 107 is divided by 2/9 - 3615/k.
26
Let h(w) = -2*w**2 + 3*w + 75. Let j be h(0). Let g = j - 73. Suppose -5*r + 175 = g*r. What is the remainder when r is divided by 10?
5
Suppose -5*d = 4*p - 34, -4*d = -2*p + p - 23. What is the remainder when 35 is divided by -3*18/d*-1?
8
Suppose -4*i + 4*n + 47 = 27, 5*n - 24 = -2*i. Let c = -16 - -18. Suppose h = 2*h - 3, 4*h = -c*q + 24. Calculate the remainder when i is divided by q.
1
Suppose -5*v = 5, -3*z = v - 944 + 489. Calculate the remainder when 14740 is divided by z.
148
Suppose -145*k = -164*k + 12316 + 8451. What is the remainder when 1100 is divided by k?
7
Let y be 8/(-4) + 11 - 4. Suppose 336 = y*p + p. What is the remainder when 994/p - (-6)/(-8) is divided by 5?
2
Let h = 2788 - 2609. What is the remainder when h is divided by 44?
3
Let a be (3 - (9 + -6)) + (0 - -123). What is the remainder when (-2*a)/(7/14*-2) is divided by 8?
6
Suppose 14 = 6*k - 418. Let t = 84 - k. Calculate the remainder when 116 is divided by t.
8
Let x be (-5 - 4)*(-14)/6. Let w = x - -62. Suppose -24 = 5*v - 3*g - w, -5*v - 5*g = -75. Calculate the remainder when 19 is divided by v.
6
Suppose f - 5*f + 28 = 0. Suppose 0 = 19*p - 40 + 2. Suppose -2*q + f*q - 5*i = 465, -p*q + 186 = -5*i. What is the remainder when q is divided by 32?
29
Let d = -283 - -295. Suppose 0 = n + d*n - 2613. What is the remainder when n is divided by 29?
27
Let r(f) = 40*f**3 - f + 2. Let t be 1*((-2 - -2)*-1 + 1). Let s be r(t). Let p = s - 25. Calculate the remainder when 28 is divided by p.
12
Let t(b) = b**2 - 66*b + 217. Calculate the remainder when 1398 is divided by t(3).
26
Suppose t + k + 16 = -2*k, -5*t = -2*k + 46. Suppose 3*s + 94 - 19 = 0. What is the remainder when (-526)/t + (-10)/s is divided by 11?
9
Let q = -1834 - -1891. What is the remainder when 167 is divided by q?
53
Let s(g) = -10*g + 25. What is the remainder when s(-22) is divided by 122?
1
Let h(r) = r + 19. Let z be h(-7). Suppose 0 = 6*u + 4 - 46. Calculate the remainder when u is divided by z*(54/12)/9.
1
Let o(p) = p**3 + 5*p**2 - 3*p - 11. Let x be o(-5). Suppose -2*a - 2*q + 96 = 0, x*q = 5*a - 0*q - 249. What is the remainder when a is divided by 33?
16
Let l = -21 - -25. Suppose -l*t = -66 + 6. What is the remainder when (-80)/(-3) + (-21)/(-63) is divided by t?
12
Let l(y) = y**3 - 7*y**2 + 4*y + 1. Calculate the remainder when l(7) is divided by -6 - (6 - 13) - (-30 + 9).
7
Let f = 109 - 124. What is the remainder when 83 is divided by (-246)/f - 9/(-15)?
15
Let b = -474 + 768. Let r = -87852 + 87885. Calculate the remainder when b is divided by r.
30
Suppose -2*y + 32 = 22*x - 19*x, 5*x = 2*y - 32. Let u(m) = -7*m - 6. What is the remainder when u(-5) is divided by y?
13
Calculate the remainder when 1375320/2040 - (-3)/(-17) is divided by 142.
106
Suppose -6*n + 9*n - 105 = 0. Let i(m) be the second derivative of -10*m**3/3 - m**2/2 + 3*m. Calculate the remainder when n is divided by i(-1).
16
Let x be 1*26*(-9)/(-18). Let n(d) = -d**2 + 13*d - 25. Let o be n(x). Let l(v) = v + 58. Calculate the remainder when l(o) is divided by 14.
5
Suppose -4*q + 12 = 4. Let k(w) = 5*w**2 + 5*w - 1. What is the remainder when 77 is divided by k(q)?
19
Suppose -89*d + 851*d + 1219 - 23317 = 0. Let l(o) = 2*o**2 + 5*o - 4. What is the remainder when d is divided by l(-4)?
5
What is the remainder when -1*(234 - (-4 + 3))*(-4)/4 is divided by 30?
25
Suppose -5*u - p + 36 = 0, -5*u + p = -14 - 20. Let i(f) = -u*f + 1 + 2*f - 11 - 9*f. Calculate the remainder when 86 is divided by i(-2).
14
Let n(x) be the third derivative of 3*x**4/4 - 3*x**3/2 + 13*x**2. Calculate the remainder when n(7) is divided by 5/(2*(-2)/(-24)).
27
Suppose -283 = 104*v - 106*v + d, -5*d - 287 = -2*v. Calculate the remainder when 920 is divided by v.
74
Let n = -13253 - -17585. Calculate the remainder when n is divided by 15.
12
Let x = 14369 - 12688. Calculate the remainder when x is divided by 44.
9
Let n be (-6)/2 - -3*320/(-5). Let i = -109 - n. What is the remainder when i is divided by (-1)/1*(1 + -31)?
26
Let x(i) = -i**2 - 10*i - 5. Let p be (0 + 75/2)/(15/20). Let u = p + -57. Calculate the remainder when 44 is divided by x(u).
12
Let l(p) = -p**3 + 27*p**2 + 47*p - 928. Calculate the remainder when l(27) is divided by 57.
56
Let q(w) = w**3 + 6*w**2 + w + 4. Let v = 44 + -48. Let h be q(v). Suppose -x = -49 + h. Calculate the remainder when 84 is divided by x.
16
Suppose 0 = 5*p - 2*a - a - 21, 0 = 2*p + 3*a - 21. Let x be 12/8*(2 - (-20)/3). Suppose -34*z + 47 = x. Calculate the remainder when p is divided by z.
0
Suppose 1587 = 130*q + 70*q - 1013. What is the remainder when 1441 is divided by q?
11
Calculate the remainder when 1457 is divided by 484/(-23 - (-24 + 0)).
5
Suppose m = 3*n - 95, -151 = -7*n + 2*n - 2*m. Calculate the remainder when 1092 is divided by n.
7
Let k = -38584 + 38597. Calculate the remainder when 23488 is divided by k.
10
Let c be (-15)/(-6) + (-3)/6. Suppose -3*k + c*b - 34 = 0, 5*b = k + b - 2. Let p(o) = -o + 20. Calculate the remainder when p(k) is divided by 13.
8
Let y(w) = w**2 - 10*w - 7. Let b = 25 + -36. Let v(n) = n**2 + 10*n - 2. What is the remainder when v(b) is divided by y(11)?
1
Let j(n) = n - 5. Let u be 3*(28/(-6) + 6). Suppose 0 = s - t + u*t - 4, -s = 5*t. What is the remainder when s is divided by j(11)?
4
What is the remainder when (238 - 200)*(1 - 0) is divided by 30?
8
Suppose 31*g - 1096 = 2221. What is the remainder when g is divided by 58?
49
Suppose 5*z + 24 - 119 = -4*c, -4*z = 5*c - 112. Suppose 189*n = -97*n - 87*n + 50355. Calculate the remainder when n is divided by c.
15
Let t be 84 + -6 + 7/(7/4). Let d = -33 + t. Calculate the remainder when 96 is divided by d.
47
Suppose -16*c + 1065 = -c. Let s = c - 47. Let v = -13 + 26. Calculate the remainder when s is divided by v.
11
What is the remainder when (2 - -114) + -5 - 104/(-13) is divided by 27?
11
Let z = -120 + 156. Let k = 59 - z. Calculate the remainder when 158 is divided by k.
20
Suppose 0 = -16*c + 15*c + 534. Suppose -c = -4*s - 114. Suppose -12*m + 75 = -s. What is the remainder when 69 is divided by m?
9
Suppose 632*t - 643*t = -40832. Calculate the remainder when t is divided by 63.
58
Let h be 2 - 1 - -4*(-24)/(-1). Suppose 0 = -c + 347 - h. Calculate the remainder when c is divided by 65.
55
Let n be (-1 + (-3 - 0))*(2 - 3). Suppose 2*w - n*w = 20. Calculate the remainder when 85 is divided by (29/2)/((-75)/w - 7).
27
Let i(h) = -3*h - 21. Let l be i(-7). Suppose r + 2*c - 66 = -l*r, 0 = -2*r - 5*c + 130. Calculate the remainder when r is divided by 6.
4
Suppose -g + 42 = 5*k, 2*g + k + 2*k - 91 = 0. Let d(s) = 7*s**2 + 3*s - 17*s**3 - 23 + 16*s**3 + 4*s**2. Calculate the remainder when g is divided by d(11).
7
Let j be (9/2)/((-2)/16*2). What is the remainder when 32 is divided by (-27)/j*(3 - -9)?
14
Suppose 28*o + 8*o = 19*o + 1224. What is the remainder when 559 is divided by o?
55
Let l(q) be the third derivative of q**5/20 - 17*q**4/12 - 127*q**3/6 + 2*q**2 + 67. What is the remainder when l(-5) is divided by 43?
32
Let n be 25 + -8 - (-16)/(-4). Suppose 84 = n*v - 9*v. Suppose 0 = -5*c + 270 + 140. What is the remainder when c is divided by v?
19
What is the remainder when 18/(-8)*(-12)/54*6 + 26 is divided by 1/(0 - 1) - -16?
14
Suppose -949 = 3*j + 320. Let n = 578 + j. What is the remainder when n is divided by 48?
11
Let m = 134 + -76. Calculate the remainder when 4190/25 - -4 - 6/(-15) is divided by m.
56
Suppose 0 = -29*w - 1503 + 2373. Let l = -17 + 27. Calculate the remainder when w is divided by 124/l - 2/5.
6
Let i(u) be the third derivative of -u**5/60 - 11*u**4/12 - 22*u**3/3 + 20*u**2 - 1. What is the remainder when i(-13) is divided by 26?
21
Suppose 5*o + 56 = 12*o. Suppose 0 = -4*u - 4*f + 216, -13*u + 261 = -o*u - 4*f. Let z = 36 - 22. Calculate the remainder when u is divided by z.
11
Let k(q) = 109*q - 197. What is the remainder when k(2) is divided by 1/2 + (-38)/(-4)?
1
Let y